base 16) in base 2?
-1010010100101001100
What is -356433 (base 11) in base 15?
-b2579
What is 3467b (base 16) in base 10?
214651
-14203134 (base 5) to base 7
-1152300
-123311100 (base 4) to base 16
-1bd50
What is -1849a21 (base 11) in base 8?
-13744541
What is 332 (base 5) in base 14?
68
What is -28526 (base 10) in base 16?
-6f6e
424566 (base 7) to base 9
122073
What is 378164 (base 9) in base 7?
1642525
What is -110010101000110010 (base 2) in base 15?
-416c5
315764 (base 9) to base 3
100112212011
-da08 (base 16) to base 10
-55816
What is -1110110001100001000101 (base 2) in base 12?
-1369285
What is -13203111020 (base 4) in base 5?
-1001322340
Convert 239771 (base 10) to base 8.
724233
Convert -167a59 (base 11) to base 12.
-106200
Convert -135340235 (base 7) to base 6.
-514224452
1146024 (base 8) to base 7
2446404
What is 95c77c (base 14) in base 12?
18442a2
4442330422 (base 5) to base 7
145463450
What is 202000211212 (base 3) in base 9?
660755
What is -11001101110101101100 (base 2) in base 3?
-1120211112112
Convert -197380 (base 13) to base 12.
-270a64
Convert 244554 (base 7) to base 8.
127512
Convert 205154430 (base 6) to base 8.
15606362
-312385 (base 10) to base 12
-130941
-343bd (base 16) to base 15
-435d4
What is -2341364 (base 8) in base 11?
-3a7705
Convert -5608612 (base 10) to base 11.
-3190919
What is 2067105 (base 8) in base 6?
15501541
-33a44 (base 12) to base 10
-68884
Convert 1001100010111110001010 (base 2) to base 9.
4633747
Convert b90142 (base 16) to base 2.
101110010000000101000010
Convert -1273756 (base 8) to base 6.
-11403102
Convert -36632450 (base 7) to base 13.
-8b0598
What is -1112120100202 (base 3) in base 10?
-818201
Convert 190b99 (base 13) to base 8.
2317067
50910 (base 11) to base 7
426430
-22152537 (base 8) to base 14
-8c371d
120110201202121 (base 3) to base 4
133113120022
1b073 (base 15) to base 10
87858
What is -201131312300 (base 4) in base 15?
-b84645
75671 (base 9) to base 4
30033022
Convert 173263 (base 9) to base 15.
21c3c
10201000102 (base 3) to base 14
1c7dd
Convert -1401682 (base 9) to base 13.
-20bcb2
Convert 321341 (base 11) to base 10.
514174
What is 51132131 (base 6) in base 9?
2662601
42675 (base 14) to base 13
5803b
What is 10001000001010001 (base 2) in base 13?
25967
-289675 (base 13) to base 2
-11110010001011010101
42134 (base 7) to base 10
10364
What is 144044 (base 8) in base 6?
1033112
What is 1e228e (base 15) in base 8?
5501603
Convert -325345533 (base 6) to base 16.
-5971a1
What is -558a49 (base 15) in base 16?
-3e3ed7
-34321002 (base 6) to base 8
-4007632
What is -15120674 (base 8) in base 7?
-41214125
Convert 12202013022 (base 4) to base 3.
10020000020010
-303002332121 (base 4) to base 14
-1ac4917
-100101100100101011011100 (base 2) to base 13
-206b25a
3300420332 (base 5) to base 2
11010110111111111100100
What is 29d1c (base 14) in base 8?
313246
What is -10031220202 (base 4) in base 2?
-100001101101000100010
What is 491cab (base 13) in base 6?
101234015
112002211111022 (base 3) to base 7
120500021
103001312 (base 4) to base 12
39132
110010101110111100111011 (base 2) to base 5
11401041030
What is -110100000010000 (base 2) in base 3?
-1100112200
Convert -166443 (base 10) to base 7.
-1262154
What is -2345968 (base 11) in base 10?
-4092657
Convert -514311 (base 7) to base 3.
-11110122220
What is -106b3 (base 16) in base 10?
-67251
Convert 4353111 (base 6) to base 8.
650043
4a4b7 (base 12) to base 6
2055151
What is -102032303311 (base 4) in base 15?
-64611d
-1210110121 (base 3) to base 12
-18544
What is 14795 (base 13) in base 6?
454542
What is 11311554 (base 6) in base 12?
14b5ba
What is -3110233302 (base 4) in base 6?
-30402150
Convert -12813 (base 11) to base 4.
-10131231
What is -130212445 (base 6) in base 12?
-a24125
What is -67e4c (base 15) in base 5?
-41034342
Convert 1035129 (base 13) to base 7.
56564520
What is -2040040 (base 11) in base 13?
-991502
What is 20392a (base 15) in base 12?
619b64
-10202211212120 (base 3) to base 15
-298e8c
What is -603025 (base 8) in base 12?
-96819
What is -167794 (base 13) in base 9?
-1042241
-1ab8af (base 16) to base 3
-10021222012211
What is -3237398 (base 10) in base 4?
-30112120112
1000917 (base 10) to base 16
f45d5
Convert 1204502 (base 8) to base 4.
1100211002
What is -5a43331 (base 11) in base 15?
-dd0599
86462 (base 12) to base 3
22222200002
1346378 (base 9) to base 8
2644300
Convert 111100022012 (base 3) to base 2.
1000000001000000101
Convert 10030013232 (base 4) to base 5.
240120342
-10132440 (base 5) to base 8
-243047
-11152 (base 6) to base 12
-ab8
What is 294283 (base 15) in base 3?
10202000122020
-48641 (base 10) to base 16
-be01
Convert 110000111011011101 (base 2) to base 16.
30edd
173888 (base 9) to base 6
2151255
What is -57a193 (base 11) in base 14?
-19da55
Convert 27337d (base 14) to base 3.
2112202122022
What is 24312210 (base 5) in base 15?
47d05
What is c8621 (base 13) in base 12?
155145
What is -70495 (base 12) in base 11?
-9a633
10011101100000011111 (base 2) to base 11
400791
Convert -112201101000 (base 3) to base 11.
-188709
Convert d2939 (base 15) to base 8.
2426512
What is 155013124 (base 6) in base 14?
623d12
-311231440 (base 6) to base 3
-101010121012020
Convert 56499 (base 11) to base 9.
134160
Convert -583556 (base 10) to base 8.
-2163604
What is -12112120 (base 4) in base 2?
-110010110011000
What is 12113313 (base 5) in base 12?
55893
What is -11000114 (base 7) in base 13?
-26c570
What is -314555 (base 10) in base 6?
-10424135
Convert -372933a (base 12) to base 7.
-160302220
Convert -277939 (base 13) to base 12.
-3a32b1
422342241 (base 5) to base 9
3275245
Convert -8db409 (base 15) to base 4.
-121311013113
-211716 (base 8) to base 6
-1302514
What is 2755 (base 9) in base 12?
124b
33441134 (base 7) to base 8
13041531
-212452504 (base 6) to base 7
-44023144
Convert 2536460 (base 8) to base 2.
10101011110100110000
What is 1c3ba2 (base 15) in base 6?
45323055
22120334 (base 5) to base 12
93115
-3320302120 (base 4) to base 15
-151e07
What is -1313646 (base 9) in base 5?
-140432424
What is 224460 (base 11) in base 10?
357258
2cd451 (base 16) to base 3
12112021002111
What is -1723388 (base 9) in base 2?
-11101010011110100000
-201201031 (base 4) to base 16
-2184d
What is 494638 (base 10) in base 4?
1320300232
Convert -30011222 (base 4) to base 7.
-264233
Convert b15 (base 12) to base 10.
1601
What is -14a4aa (base 15) in base 9?
-1778167
216a3 (base 14) to base 16
13bff
Convert 1199 (base 10) to base 4.
102233
-10111001011100011110001 (base 2) to base 7
-102436126
What is -1110010110110001100 (base 2) in base 6?
-14025500
Convert 2716461 (base 8) to base 7.
6320026
2030103113 (base 4) to base 7
4612310
-156415 (base 7) to base 15
-931d
288b74 (base 12) to base 8
2456210
What is -1231321113 (base 4) in base 13?
-129b6a
Convert -23411458 (base 9) to base 2.
-101011100000001101011100
What is -1a011 (base 16) in base 15?
-2185d
What is 12b8a8 (base 15) in base 8?
3335174
Convert fe7e (base 16) to base 12.
31852
242610 (base 9) to base 16
23b77
Convert -12222012212 (base 3) to base 16.
-1cb17
Convert -101110010011010110101100 (base 2) to base 13.
-268c9b8
What is -776977 (base 10) in base 15?
-105337
Convert 3956d2 (base 14) to base 13.
54182c
-5124000 (base 6) to base 5
-30311022
Convert 18543 (base 12) to base 8.
105003
Convert -203121 (base 9) to base 7.
-1010656
Convert 993b3a (base 14) to base 3.
100210000101200
330033231013 (base 4) to base 14
2151651
Convert -5a0a3 (base 13) to base 4.
-220100230
-213111203213 (base 4) to base 6
-1005004155
b82d0 (base 16) to base 2
10111000001011010000
-3aa9a (base 15) to base 3
-100112220201
Convert 13262 (base 11) to base 15.
592e
What is -cd1da4 (base 14) in base 7?
-113101564
-837c4 (base 13) to base 12
-b499a
Convert 4b3c62 (base 14) to base 16.
276fde
Convert -446a (base 11) to base 14.
-2204
Convert 215305 (base 7) to base 15.
b357
5ba570 (base 12) to base 11
928795
15110305 (base 7) to base 12
590264
Convert 11110000011011000 (base 2) to base 12.
5b2a0
-11221101202212 (base 3) to base 15
-36ceb2
What is 426411 (base 12) in base 15?
15a6a7
What is -2ceb9 (base 16) in base 10?
-183993
Convert 42600463 (base 7) to base 11.
205a763
11101001111001010000 (base 2) to base 9
1720150
-23991